{"id":186,"date":"2022-07-20T13:59:02","date_gmt":"2022-07-20T13:59:02","guid":{"rendered":"https:\/\/ebbe.modeltheme.com\/?post_type=product&#038;p=186"},"modified":"2026-04-14T21:49:10","modified_gmt":"2026-04-15T00:49:10","slug":"interagindo-entre-linhas-volume-4","status":"publish","type":"product","link":"https:\/\/editoraatos.com.br\/index.php\/product\/interagindo-entre-linhas-volume-4\/","title":{"rendered":"Interagindo entre Linhas &#8211; Volume 4"},"content":{"rendered":"<p>Mergulhe no fascinante mundo da leitura com &#8220;Interagindo entre Linhas &#8211; Volume 4&#8221;. Este livro traz hist\u00f3rias envolventes e atividades educativas que estimulam a compreens\u00e3o e o pensamento cr\u00edtico dos alunos. Ideal para o ensino fundamental, com ilustra\u00e7\u00f5es vibrantes e conte\u00fado relevante.<\/p>\n<p>&nbsp;<\/p>\n","protected":false},"excerpt":{"rendered":"<p><strong>Interagindo entre Linhas &#8211; Volume 4<\/strong> Mergulhe no fascinante mundo da leitura com &#8220;Interagindo entre Linhas &#8211; Volume 4&#8221;. Este livro traz hist\u00f3rias envolventes e atividades educativas que estimulam a compreens\u00e3o e o pensamento cr\u00edtico dos alunos. Ideal para o ensino fundamental, com ilustra\u00e7\u00f5es vibrantes e conte\u00fado relevante.<\/p>\n","protected":false},"featured_media":12720,"comment_status":"open","ping_status":"closed","template":"","meta":{"inline_featured_image":false},"product_cat":[36],"product_tag":[],"_links":{"self":[{"href":"https:\/\/editoraatos.com.br\/index.php\/wp-json\/wp\/v2\/product\/186"}],"collection":[{"href":"https:\/\/editoraatos.com.br\/index.php\/wp-json\/wp\/v2\/product"}],"about":[{"href":"https:\/\/editoraatos.com.br\/index.php\/wp-json\/wp\/v2\/types\/product"}],"replies":[{"embeddable":true,"href":"https:\/\/editoraatos.com.br\/index.php\/wp-json\/wp\/v2\/comments?post=186"}],"wp:featuredmedia":[{"embeddable":true,"href":"https:\/\/editoraatos.com.br\/index.php\/wp-json\/wp\/v2\/media\/12720"}],"wp:attachment":[{"href":"https:\/\/editoraatos.com.br\/index.php\/wp-json\/wp\/v2\/media?parent=186"}],"wp:term":[{"taxonomy":"product_cat","embeddable":true,"href":"https:\/\/editoraatos.com.br\/index.php\/wp-json\/wp\/v2\/product_cat?post=186"},{"taxonomy":"product_tag","embeddable":true,"href":"https:\/\/editoraatos.com.br\/index.php\/wp-json\/wp\/v2\/product_tag?post=186"}],"curies":[{"name":"wp","href":"https:\/\/api.w.org\/{rel}","templated":true}]}}